mposite number?
True
Suppose -5*y + 10 = 0, 7*v - 2*y + 1176800 = 11*v. Is v a prime number?
True
Suppose 4*u - 28249 = 4*n + 1979, -n - 15112 = -2*u. Suppose y + 3*m - 32337 = -u, 5*y = -3*m + 123922. Is y prime?
False
Suppose -5*g + 111 = 5*w + 1, w + 3*g - 24 = 0. Let o be 65*(-7)/w*54/(-2). Let a = 884 - o. Is a composite?
True
Suppose -4*g + 1682075 = -3*d, -400*g + 5*d - 1682099 = -404*g. Is g composite?
False
Suppose -85*s - 1786014 = -58*s - 45*s. Is s composite?
False
Suppose 21*g = 43*g - 271018. Is g a prime number?
False
Let r = 28 - 18. Let f be r/(5/((-10)/(-4))). Suppose -5*w + 2*w = 2*d - 67, 5*d = f*w - 95. Is w a prime number?
False
Suppose 152 = 3*q - 4*p, -p = -2*q + 136 - 33. Let w = 54 - q. Let y(l) = 133*l**3 - 2*l + 1. Is y(w) prime?
True
Let f(d) be the second derivative of -d**5/20 + 7*d**4/12 - 2*d**3 - 17*d. Let t be f(5). Is (-2)/(((-12)/28530)/((-2)/t)) a composite number?
True
Let o(m) = -2*m - 18. Let c(g) = -4*g - 35. Let d(f) = -6*c(f) + 13*o(f). Let n be d(-13). Suppose -2*s - 3*q + 33 = -206, -4*s - n*q + 498 = 0. Is s composite?
False
Suppose 5*q + 5*t - 641460 = 0, 0 = -4*q + 23*t - 20*t + 513133. Is q composite?
False
Suppose 8*c - 988 = 4*c. Suppose 0 = -43*p + 42*p - 132. Let i = c + p. Is i composite?
True
Suppose 35*z - 17*z = -583434. Let m = z - -45502. Is m composite?
True
Suppose 3*b = 9*b - 18. Suppose -5*t - b*w = -16840, 3*t - 4210 = -3*w + 5888. Is t prime?
True
Suppose b = -6*t + 7*t - 162991, -2*b = 4. Is t prime?
True
Let q be (-3 - -4)/(-2 + 1). Let z be 13 + -9 - q*-2*2. Suppose 3*i = 3*j - z*j - 5190, i = -2*j + 3469. Is j prime?
True
Suppose 3*z = -3*g + 27, -1 = g + 2*g - 4*z. Suppose 12610 = 2*m - 3*n + 1622, -g*n - 10984 = -2*m. Is m prime?
False
Let u = -474182 + 751527. Is u a prime number?
False
Let i be 2/((2/(-14))/(1/(-2))). Let o = i - -7. Is ((3 - 366/(-4)) + 1)*o composite?
True
Let m = 257 + -208. Suppose -3*a - m = -583. Is a prime?
False
Is (-49033116)/(-196) - 30/(-735) a prime number?
True
Let t(k) = -4*k**3 + 20*k**2 + 8*k - 51. Let u(p) = p**2 - 6*p - 4. Let s be u(3). Is t(s) a prime number?
False
Let t(r) = -3*r**3 + r**2 + r + 1. Let p be t(-1). Let v = 171 + -168. Suppose -p*c + 1065 = -h, 1347 = 8*c - v*c + 4*h. Is c a prime number?
False
Suppose 10*v + 67389 = 763256 + 173363. Is v a prime number?
True
Let j be -177*2/(3*-2). Let q = -216 + j. Let k = q - -348. Is k a composite number?
False
Suppose 0*h + 3*h + 25 = r, r = -3*h - 29. Let k be (-16)/(-12) - 6/h. Suppose -5*q + 0*a + 4521 = k*a, 909 = q - 2*a. Is q composite?
True
Suppose 0 = 2*d - 3212 + 318. Let t = 2982 - d. Is t a composite number?
True
Let q(h) = 2825*h**2 - 11*h + 25. Let n be 88/44 - (1 + (2 - 3)). Is q(n) a composite number?
True
Is (434/(-21) + 1)/((-16)/603312) a prime number?
False
Let u(k) = 24950*k - 9. Let o be u(3). Suppose 4*g = -5*d + o, -4*d + 5*g + 49373 + 10508 = 0. Is d prime?
True
Suppose -2*j - 3 + 27 = 3*n, j - 9 = -n. Suppose 0 = 12*i - n - 42. Suppose -2*q = -i*k + 6*k - 9502, 0 = k - q - 4747. Is k prime?
False
Let j(i) = 7*i**2 + 30*i - 989. Is j(-28) composite?
False
Let x(r) = 2*r**3 - 9*r**2 - 2*r + 6. Let w = -57 - -65. Let b be x(w). Is b + ((-3)/4 - 14/(-8)) composite?
False
Let o(h) = 5*h**3 - 2*h + 1. Let v be o(1). Let p be ((-14)/v + 3)/(1/(-8)). Suppose -5*w = -7*r + p*r + 1890, 4*r - 4*w = 2528. Is r prime?
False
Suppose 685*q + r = 687*q - 78280, 5*r + 39149 = q. Is q prime?
True
Let x(y) = -102*y**2 + 3*y - 82. Let p be x(8). Let c = p - -13055. Is c composite?
False
Let x = -44528 + 67335. Is x a prime number?
True
Let i(z) = 100*z**3 + 29*z**2 + 201*z + 25. Is i(16) a composite number?
True
Let v = 295 + -528. Let p = 956 - v. Is p a prime number?
False
Let c(s) = 29499*s + 9512. Is c(5) prime?
True
Let m = -83731 + 132534. Is m a prime number?
False
Let l(c) = -7*c**3 - 14*c**2 - 10*c - 7. Let s be l(-5). Suppose -3*j + 4*j - s = -5*x, j - 4*x - 559 = 0. Is j prime?
True
Suppose 56*n = 47*n + 27. Suppose 222 = -n*w + 4*s + 11351, 0 = 2*w - s - 7426. Is w a prime number?
False
Let n(o) = o**3 + 4*o**2 - 3*o + 18301. Is n(0) a prime number?
True
Suppose 2*u = 10*u + 17880. Let y = u + 3770. Is y prime?
False
Let q = 198545 - -305198. Is q prime?
True
Suppose 0 = 2*l + 44*f - 40*f - 135130, -4*l + 2*f = -270330. Is l prime?
True
Let m = 27 + -22. Suppose -5 = -m*f - 15. Is -6*(-333)/6 + f/(-2) composite?
True
Suppose c - 30325 = -8309. Let g be (-4)/14 + c/28. Suppose -g = -2*y + k, 5*y - 4*k - 1748 = 211. Is y prime?
False
Let y be (-310)/(-15) - (-20)/(-12). Suppose -21*g + 3634 = -y*g. Is g composite?
True
Suppose -229*d = -51*d - 35228903 + 4080861. Is d prime?
True
Let i be 22/(-121) - 84/22. Is -2*1481/(-3)*(-18)/i prime?
False
Let o be (-95007)/(-121) + 6/(-33). Let f = -40 + o. Is f a composite number?
True
Let d(w) = 35*w**2 - w + 157453. Is d(0) a composite number?
True
Suppose 37*a - 101*a + 44*a = -2347780. Is a a prime number?
True
Suppose -3*u = -4*j + 82, -j - 4*j + 5*u + 100 = 0. Let s = j - 2. Is 4/10 + 7892/s a composite number?
True
Suppose 2*f + 750 = -5*w, -6*f - 1526 = -2*f - 3*w. Let z = f + 221. Is -4 - 8/(-4) - z a composite number?
False
Suppose -2*o + 2*n + 22 - 6 = 0, 3*n - 46 = -4*o. Let m be ((-22)/(-4))/(o/8900). Suppose -14*u + m = -9*u. Is u a prime number?
False
Let j(v) = -4 + 175*v - 6 + 0 + 5. Let h be j(2). Let l = -130 + h. Is l composite?
True
Let j be 1*(-2)/2 + 8. Let i(s) be the third derivative of s**6/120 - s**5/10 - s**4/24 + 11*s**3/6 + 2*s**2 - 1461. Is i(j) composite?
False
Let v be 12/(-90)*-6 - (-52)/10. Suppose -v*b = -13*b + 413. Is b a composite number?
False
Let s be (-609)/(-6) + 1/(-2). Let j = -22 + s. Is j composite?
False
Let y(h) = -4 + 5*h + 3*h**2 + 8 - 4*h**2 + 2*h**2. Let c be y(-5). Suppose c*p = -5*a + 1911, 0 = a + p + 3*p - 395. Is a a composite number?
False
Suppose -293927 = -4*x + 4*v - 4607, -x + 6*v + 72295 = 0. Is x a composite number?
False
Suppose 8*k = 7626 + 16678. Let q = k - 1020. Is q prime?
False
Suppose -25*h = -12*h - 52. Let n be -10 + 13 + h*(1 + -2). Is ((2 + 15)*n)/(4/(-92)) a composite number?
True
Let u(y) = -85*y - 36. Let g be u(-9). Let p = 338 + g. Is p a composite number?
True
Suppose 2*g = -2*k + 65490, 4*g - 238*k - 130988 = -240*k. Is g prime?
True
Let r = -133486 + 193841. Is r a prime number?
False
Let s(v) = -752410*v + 193. Is s(-1) a prime number?
True
Let u be 3*((-1278)/459 - (-4)/34). Let a(l) = 7*l**3 + 36*l**2 + 21*l + 15. Let m(r) = 3*r**3 + 18*r**2 + 11*r + 7. Let n(j) = -2*a(j) + 5*m(j). Is n(u) prime?
True
Let y(x) = -5876*x**2 - 5*x - 3. Let l be y(-3). Is ((-6)/(-9))/((-16)/l) a prime number?
True
Let j = 67 - 120. Let z = j - -55. Suppose -d = -3*a - 137, -z*d + 0*a + 302 = a. Is d prime?
True
Let h(z) = 10971*z**2 - 20*z + 56. Let o(l) = 5485*l**2 - 10*l + 29. Let t(k) = 6*h(k) - 11*o(k). Is t(2) prime?
True
Let f(d) = d - 14. Let x be f(19). Suppose -4*b - x = -25. Suppose 0 = -b*j + 434 + 21. Is j composite?
True
Suppose 0 = 5*h - 2*j - 97, -3*j - 21 = -2*h + 20. Suppose 1 + h = -2*f. Is (175/f + 1)*214/(-3) prime?
False
Let s(w) = w**3 - w**2 + w + 1. Let v(n) = 3*n**3 + 5*n**2 + 11*n - 1. Let c(q) = 2*s(q) - v(q). Let o be c(-6). Suppose -d + o = -350. Is d a prime number?
False
Suppose 64*l + 94*l = 10552978. Is l a prime number?
True
Let g(y) be the first derivative of -871*y**2 + 139*y - 40. Is g(-12) a composite number?
True
Suppose 0*v + v + 3*n + 15 = 0, -5*n - 88 = 4*v. Is -1042*(-5 - v/6) a composite number?
False
Let p = -4250 - -6859. Suppose -15*f = -14*f - p. Is f a prime number?
True
Suppose -3*k - d = -2*k + 12, 27 = -k + 4*d. Is (12 + k)/(2 - (-7755)/(-3877)) prime?
False
Let x(y) = y**3 - 10*y**2 + 13*y - 19. Let g be x(8). Let l = -29 - -7. Let f = l - g. Is f a composite number?
True
Suppose 23*y - 25 = 21. Suppose -7*d + 2*d - 45044 = -3*x, -5*x - y*d = -75063. Is x prime?
True
Let x = 146003 + -21664. Is x a prime number?
True
Suppose -h + 3*n = -48812, -2*h - 5*n - 35616 = -133229. Is h composite?
False
Let l = 23628 - 9037. Is l a composite number?
False
Suppose 4 = -29*u + 31*u. Suppose 4*x = 16, a + x + 89 = u*a. Is a composite?
True
Suppose 13 = 2*p - 7. Suppose 1420 = -0*t + p*t. Is t a prime number?
False
